t are the prime factors of 502?
2, 251
What are the prime factors of 20823?
3, 11, 631
What are the prime factors of 13119?
3, 4373
List the prime factors of 8538.
2, 3, 1423
What are the prime factors of 1853?
17, 109
List the prime factors of 2226.
2, 3, 7, 53
What are the prime factors of 48236?
2, 31, 389
What are the prime factors of 28265?
5, 5653
What are the prime factors of 9557?
19, 503
List the prime factors of 3723.
3, 17, 73
What are the prime factors of 76465?
5, 41, 373
List the prime factors of 2302.
2, 1151
What are the prime factors of 154212?
2, 3, 71, 181
What are the prime factors of 457?
457
What are the prime factors of 1896?
2, 3, 79
What are the prime factors of 4023?
3, 149
List the prime factors of 59357.
59357
What are the prime factors of 401?
401
What are the prime factors of 638?
2, 11, 29
List the prime factors of 3575.
5, 11, 13
List the prime factors of 51008.
2, 797
What are the prime factors of 11947?
13, 919
What are the prime factors of 4780?
2, 5, 239
What are the prime factors of 997?
997
What are the prime factors of 9761?
43, 227
What are the prime factors of 56659?
56659
What are the prime factors of 16984?
2, 11, 193
List the prime factors of 56678.
2, 17, 1667
List the prime factors of 1364.
2, 11, 31
List the prime factors of 5952.
2, 3, 31
List the prime factors of 5751.
3, 71
List the prime factors of 310.
2, 5, 31
What are the prime factors of 13887?
3, 1543
What are the prime factors of 14775?
3, 5, 197
List the prime factors of 3073.
7, 439
List the prime factors of 12323.
12323
List the prime factors of 59265.
3, 5, 439
List the prime factors of 20634.
2, 3, 19, 181
What are the prime factors of 19086?
2, 3, 3181
What are the prime factors of 248?
2, 31
List the prime factors of 64933.
11, 5903
List the prime factors of 20970.
2, 3, 5, 233
List the prime factors of 6263.
6263
List the prime factors of 1892.
2, 11, 43
List the prime factors of 22966.
2, 11483
List the prime factors of 12256.
2, 383
List the prime factors of 41357.
41357
What are the prime factors of 1605?
3, 5, 107
List the prime factors of 12922.
2, 7, 13, 71
What are the prime factors of 4407?
3, 13, 113
List the prime factors of 3214.
2, 1607
List the prime factors of 6570.
2, 3, 5, 73
What are the prime factors of 15714?
2, 3, 97
What are the prime factors of 2109?
3, 19, 37
List the prime factors of 1551.
3, 11, 47
What are the prime factors of 50529?
3, 16843
What are the prime factors of 18322?
2, 9161
What are the prime factors of 25092?
2, 3, 17, 41
List the prime factors of 3950.
2, 5, 79
List the prime factors of 5218.
2, 2609
List the prime factors of 1475.
5, 59
What are the prime factors of 2885?
5, 577
What are the prime factors of 1756?
2, 439
What are the prime factors of 869?
11, 79
What are the prime factors of 16930?
2, 5, 1693
What are the prime factors of 8667?
3, 107
What are the prime factors of 60335?
5, 11, 1097
List the prime factors of 4264.
2, 13, 41
What are the prime factors of 14246?
2, 17, 419
List the prime factors of 13527.
3, 167
List the prime factors of 8400.
2, 3, 5, 7
List the prime factors of 5.
5
List the prime factors of 21039.
3, 7013
What are the prime factors of 755?
5, 151
List the prime factors of 584.
2, 73
What are the prime factors of 2308?
2, 577
What are the prime factors of 22732?
2, 5683
List the prime factors of 8898.
2, 3, 1483
List the prime factors of 2564.
2, 641
List the prime factors of 13626.
2, 3, 757
What are the prime factors of 19342?
2, 19, 509
List the prime factors of 130805.
5, 26161
What are the prime factors of 123022?
2, 61511
List the prime factors of 3390.
2, 3, 5, 113
What are the prime factors of 46810?
2, 5, 31, 151
What are the prime factors of 11138?
2, 5569
List the prime factors of 2207.
2207
List the prime factors of 2828.
2, 7, 101
List the prime factors of 7591.
7591
What are the prime factors of 263?
263
List the prime factors of 27265.
5, 7, 19, 41
What are the prime factors of 8877?
3, 11, 269
What are the prime factors of 52342?
2, 26171
What are the prime factors of 2154?
2, 3, 359
List the prime factors of 640.
2, 5
List the prime factors of 2081.
2081
What are the prime factors of 85585?
5, 17117
What are the prime factors of 69?
3, 23
What are the prime factors of 17432?
2, 2179
What are the prime factors of 12484?
2, 3121
List the prime factors of 2210.
2, 5, 13, 17
What are the prime factors of 33254?
2, 13, 1279
List the prime factors of 14054.
2, 7027
List the prime factors of 96287.
73, 1319
What are the prime factors of 41419?
7, 61, 97
List the prime factors of 4083.
3, 1361
List the prime factors of 8999.
8999
What are the prime factors of 4951?
4951
List the prime factors of 579.
3, 193
What are the prime factors of 17433?
3, 13, 149
What are the prime factors of 213474?
2, 3, 47, 757
What are the prime factors of 7687?
7687
What are the prime factors of 4093?
4093
List the prime factors of 3528.
2, 3, 7
What are the prime factors of 50953?
7, 29, 251
What are the prime factors of 4139?
4139
List the prime factors of 3983.
7, 569
What are the prime factors of 1116?
2, 3, 31
List the prime factors of 16736.
2, 523
List the prime factors of 21130.
2, 5, 2113
List the prime factors of 4376.
2, 547
What are the prime factors of 3967?
3967
List the prime factors of 16388.
2, 17, 241
What are the prime factors of 96487?
96487
List the prime factors of 9857.
9857
What are the prime factors of 39877?
39877
List the prime factors of 122953.
122953
What are the prime factors of 33614?
2, 7
List the prime factors of 2380.
2, 5, 7, 17
List the prime factors of 6114.
2, 3, 1019
What are the prime factors of 10677?
3, 3559
List the prime factors of 25278.
2, 3, 11, 383
What are the prime factors of 71926?
2, 35963
List the prime factors of 10010.
2, 5, 7, 11, 13
List the prime factors of 4139.
4139
What are the prime factors of 16704?
2, 3, 29
List the prime factors of 23464.
2, 7, 419
List the prime factors of 627.
3, 11, 19
List the prime factors of 5055.
3, 5, 337
List the prime factors of 26913.
3, 8971
What are the prime factors of 74605?
5, 43, 347
List the prime factors of 831.
3, 277
What are the prime factors of 9397?
9397
List the prime factors of 2056.
2, 257
List the prime factors of 1072.
2, 67
List the prime factors of 1573.
11, 13
List the prime factors of 1888.
2, 59
What are the prime factors of 5505?
3, 5, 367
What are the prime factors of 9023?
7, 1289
List the prime factors of 8636.
2, 17, 127
List the prime factors of 12628.
2, 7, 11, 41
List the prime factors of 768.
2, 3
List the prime factors of 27.
3
What are the prime factors of 1657?
1657
List the prime factors of 8728.
2, 1091
List the prime factors of 26989.
137, 197
What are the prime factors of 7488?
2, 3, 13
What are the prime factors of 11430?
2, 3, 5, 127
What are the prime factors of 5156?
2, 1289
List the prime factors of 1092.
2, 3, 7, 13
List the prime factors of 3282.
2, 3, 547
What are the prime factors of 10287?
3, 127
List the prime factors of 7860.
2, 3, 5, 131
What are the prime factors of 704?
2, 11
List the prime factors of 21.
3, 7
List the prime factors of 623.
7, 89
What are the prime factors of 2152?
2, 269
List the prime factors of 536.
2, 67
What are the prime factors of 2118?
2, 3, 353
List the prime factors of 116902.
2, 58451
What are the prime factors of 1614?
2, 3, 269
What are the prime factors of 25837?
7, 3691
What are the prime factors of 10930?
2, 5, 1093
List the prime factors of 2890.
2, 5, 17
List the prime factors of 26128.
2, 23, 71
What are the prime factors of 1147?
31, 37
What are the prime factors of 188580?
2, 3, 5, 7, 449
List the prime factors of 37.
37
List the prime factors of 2740.
2, 5, 137
List the prime factors of 356.
2, 89
List the prime factors of 19530.
2, 3, 5, 7, 31
What are the prime factors of 3905?
5, 11, 71
List the prime factors of 17601.
3, 5867
List the prime factors of 42717.
3, 29, 491
List the prime factors of 546.
2, 3, 7, 13
What are the prime factors of 1082?
2, 541
What are the prime factors of 14932?
2, 3733
What are the prime factors of 5343?
3, 13, 137
What are the prime factors of 26243?
7, 23, 163
What are the prime factors of 18584?
2, 23, 101
What are the prime factors of 660?
2,